k - 2*i + 8 = 0. Give d(k).
1
Let h(j) = 9*j**3 + 2*j**2 + j + 4. Let f(q) = 9*q**3 + q**2 + q + 3. Let z(o) = 4*f(o) - 3*h(o). Let k be z(1). Let w(c) = 3*c - 7 - 3*c + c. What is w(k)?
1
Let f(p) = -4*p + 3*p**2 + 3 + p**3 + 0*p + p. Suppose 5*m - 72 = -2*l, 7*m - 96 = 2*m + 4*l. Suppose 4*s = -m - 0. Determine f(s).
-1
Let m(r) be the third derivative of -r**5/60 + r**4/3 - 2*r**3 + 13*r**2. What is m(6)?
0
Suppose 2*z = -2324 + 2322. Let t(k) = k**2 - k - 1. Give t(z).
1
Suppose 0 = -4*k - 4. Let i(a) = -a + 1. Let u be 2 + 0 + -9 - -6. Let m(p) = 2*p. Let b(j) = k*i(j) + u*m(j). Determine b(0).
-1
Suppose 0 = -8*l + 6*l - 4. Let b be (-13 - -11)/(l/26). Let m be (-2)/(-13) - 30/b. Let i(y) = -y**3 + y + 1. Determine i(m).
1
Let m(d) be the first derivative of -1/6*d**4 - 5 + 0*d + 7/6*d**3 + 7/2*d**2. Let c(n) be the second derivative of m(n). Give c(5).
-13
Let p(q) be the second derivative of -7*q - 1/12*q**4 + 2*q**2 + 0*q**3 + 0. Let j be ((-6)/5)/((-4)/10). What is p(j)?
-5
Let z(o) = -41*o**3 - 2*o**2 + 1. Let f be z(-1). Suppose 5*l = f - 15. Let p(u) = 1 + 2*u**3 - l*u - 4*u**3 - 5*u**3 + 8*u**3 + 5*u**2. Give p(-6).
-5
Let a(n) = -n**2 - 8*n - 7. Let k be a(-6). Suppose -3*x = 4*v - 32, -3*v - x - 1 = -4*v. Let i(g) = 4*g**2 + 0*g**2 - 269 + v*g - g**3 + 266. Give i(k).
-3
Let d(v) = -3*v - 17. Let m(r) = -21*r - 120. Suppose 5*a = 2*u + 20, -a + 3 = -u - 4. Let z(y) = a*m(y) - 15*d(y). Determine z(-10).
-15
Let s(u) = 6*u**2 + u - 1. Suppose -1 = 5*q - 6. Let a be s(q). Suppose 2*l + a = -4*i, -5*l - 9 = -3*i - 2*l. Let x(h) = -h**3 - h**2 + h. Calculate x(i).
0
Let o(i) = -11*i**2 - 4*i - 8. Let j(m) = 5*m**2 + 2*m + 4. Let n(y) = 7*j(y) + 3*o(y). Calculate n(-3).
16
Let m(i) = 2*i**3 + 159*i**2 - 66*i + 1110. Let k be m(-80). Let c(w) = w**3 + 11*w**2 + 6 + 2*w + 7 - w**2. Determine c(k).
-7
Suppose k - 1 = -y, 0*y - y - 5*k = 3. Let b(i) = 20*i**3 - 3 - 3*i**y - 2*i**3 - 7*i**3 - 10*i**3 + 4*i. Calculate b(2).
1
Let p(n) = -n**3 + 6*n**2 + 11*n - 25. Let g be p(7). Let m be (g - (-4)/(-1))/1. Let h(z) = 3*z - 1. Give h(m).
-4
Let m(n) = 159*n - 631*n - 16 + 151*n + 150*n + 157*n - n**2. Suppose 9 = -3*h - 27. What is m(h)?
8
Let o(n) be the first derivative of -4 - 3*n - 5/2*n**2 + 1/3*n**3. Suppose 0 = -2*k - 2*r - 2, r = -5. Determine o(k).
-7
Let b(u) = -u**3 + 4*u**2 + 8*u - 6. Let y(x) = -x**2 - 2*x + 1. Let r(v) = b(v) + 5*y(v). Let s(a) = a - 5. Let o be s(4). What is r(o)?
1
Suppose -7*p + 5*n + 40 = -12*p, -2*p - 5*n - 22 = 0. Let k(g) = -2*g - 17. Calculate k(p).
-5
Let q(v) = v**3 - 7*v**2 - 1. Let l be q(7). Let s be 10*l + 0 + 3. Let t(x) = x**3 + 6*x**2 - 8*x - 2. Determine t(s).
5
Suppose 0 = 4*a + 3*c - 11 - 12, -49 = -5*a + 3*c. Let h(u) = -a - 8*u + 6 + 7*u. Let x be (5/(5/2))/(-1). Calculate h(x).
0
Let o = -23 - -37. Suppose o*n + 16 = 10*n. Let t(c) = -c + 4. What is t(n)?
8
Let r(x) = x**2 + 6*x + 6. Let s(w) = 4 + 2*w - 7*w**2 + w**3 + 6*w + 0*w**3 + 1. Let c be s(5). Give r(c).
1
Let b(t) = 18*t**2 + 3*t - 2. Let c(z) = z**3 - z**2 - 6*z + 1. Let q be c(3). Calculate b(q).
19
Suppose -3*h = -9*h + 36. Let j(v) = 3*v - 8. Determine j(h).
10
Suppose -3*g + 57 = -2*s, 0 = 5*g - 3*g - 3*s - 43. Let n(z) = z**2 - 16*z - 11. Calculate n(g).
6
Let w(m) = 3*m - 8. Let v be w(4). Suppose -14 - 6 = 5*f, -2*c - 10 = v*f. Suppose -d = -2*b + 16, 2*d = -4*b + 11 - c. Let k(h) = h + 7. Determine k(d).
1
Let d = -6 + 13. Let m(x) = -x**2 + 2*x + 9*x - 10 + 8*x + 5*x - 16*x. Calculate m(d).
-3
Let c(r) = r**2 - 4*r + 7. Let y(s) be the first derivative of -s**3 + 9*s**2/2 - 14*s - 3. Let v(k) = 5*c(k) + 2*y(k). Give v(-6).
-17
Let z = -81 + 30. Let f = z + 56. Let i(j) = -j + 4. Calculate i(f).
-1
Suppose 8 = -x + 3, 29 = -2*c - 3*x. Let u(o) = -o**2 - 3*o - 6. Calculate u(c).
-34
Let z(j) = j**3 - 3*j**2 + 3*j + 4. Let w be z(2). Let m(f) = -f**3 + 4*f**2 + 12*f - 3. Determine m(w).
-3
Let x(s) = -7*s + 2 - s**2 + 7*s. Let m be x(3). Let y = m - -10. Let a(f) = -f**3 + 3*f**2 - 5*f + 4. Give a(y).
-11
Let d(w) = 3*w + 10. Let k(v) = -4*v - 5. Let p be k(-2). Let a(n) = -2*n - 10. Let f(r) = p*d(r) + 4*a(r). Determine f(8).
-2
Let d(b) be the third derivative of b**5/60 - b**4/6 + 3*b**2. What is d(6)?
12
Let g(w) = w**3 - w**2 - 2*w + 3. Let j = 46 - 46. Determine g(j).
3
Let c(t) = -5. Let y(x) = -3. Let d(v) = 4*c(v) - 7*y(v). Let a(j) = j - 3. Let o(l) = a(l) + d(l). Calculate o(0).
-2
Let l(t) = -3*t**3 - t**2 - t - 1. Suppose -5*n + 4*h + 5 = -h, n - 1 = -h. Let z be (n - 7)*3/2. Let o be ((-2)/(-4))/(z/18). Calculate l(o).
2
Let r(f) = 17 - 2 + 2*f - 17 + 11. Determine r(4).
17
Let a(o) be the third derivative of 0*o - 1/6*o**3 - 1/120*o**6 - 13*o**2 - 1/15*o**5 + 1/24*o**4 + 0. Calculate a(-4).
-5
Let w(u) = -4*u + 1. Let x be 3/(2 + 148/(-80)). Suppose -o + 3*q - 7 = -x, -o = -q - 5. Give w(o).
-3
Let r(g) = -g**2 - 10*g - 7. Let v(d) = -9*d**3 + 4*d**2 - 3. Let f be v(1). Give r(f).
9
Let q(y) be the first derivative of -20*y + 20*y + 18 - y**2. Suppose 4*l - 24 - 1 = n, -2*l + n + 15 = 0. Calculate q(l).
-10
Let q(y) = y**3 + y**2 + 2. Let c(z) = -z**2 - 6*z + 10. Let u be 38/(-6) + 6/(-9). Let a be c(u). Let f be -3 + a + 0/(-3). Give q(f).
2
Let g(u) = 0*u + 2*u + 748*u**3 - 4*u - 745*u**3 + 1. Let k(n) = n**3 - n**2 + n - 1. Let h(m) = g(m) - 2*k(m). What is h(-4)?
-13
Let t = -352 + 353. Let j(y) = 2*y**2 - y. Give j(t).
1
Suppose 0 = 4*t - 8 - 0. Let h(a) = -3*a + 5 + 3*a**2 + 0*a**2 + 6 - 5*a**2 - 8. Calculate h(t).
-11
Let k(a) = -a**3 - 4*a**2 + 2*a + 2. Let y(q) = 6*q**3 + 19*q**2 - 11*q - 7. Let m(z) = 11*k(z) + 2*y(z). Suppose 11 = 4*w - 13. Give m(w).
8
Let c(t) = -3*t - 2. Let u(z) = 2*z**3 - 21*z**2 - 29*z + 24. Let b(f) = f**3 - 10*f**2 - 14*f + 12. Let q(w) = -13*b(w) + 6*u(w). Let n be q(5). What is c(n)?
-11
Let k(c) = 5*c**2 - 2*c. Let q(t) = -2*t**2 + t. Let r(i) = 2*k(i) + 7*q(i). Suppose -5*x - 2*u + 18 = 2, -3*u + 7 = -x. Give r(x).
-10
Let m(d) = d**2 + d - 1. Let z be (-18)/(-27) + 20/6. Suppose 3*t - q + 40 = q, z*t - 3*q + 54 = 0. Let c = -10 - t. Give m(c).
5
Let x(i) be the second derivative of -i**5/20 + 7*i**4/12 - 5*i**3/3 + 7*i**2/2 - i - 11. Calculate x(6).
-17
Suppose 2*p - 6*i + i + 6 = 0, -12 = -p - 5*i. Suppose 0 = o - p*x - 9, 4*o - 5 - 17 = x. Let y(s) = -s**2 + 6*s - 4. Give y(o).
1
Suppose -4*a - 2*a + 24 = 0. Let h(n) be the second derivative of 1/10*n**5 + 1/3*n**3 - n - 1/2*n**2 + 0 - 1/4*n**a. What is h(2)?
7
Let r(m) = -5*m**3 + m**2 - m - 1. Let i be 5 - (416/72 - (-4)/18). What is r(i)?
6
Let m(k) be the third derivative of -15*k**2 + 0*k + 1/120*k**6 - k**3 - 1/24*k**4 + 1/10*k**5 + 0. Determine m(-6).
0
Let i(r) = -10*r**2 - 30*r - 30. Let c = 66 + -22. Suppose 4*m + c = -0*m. Let z(k) = -2*k**2 - 6*k - 6. Let v(t) = m*z(t) + 2*i(t). Give v(-4).
14
Let u(h) = -2*h**2 - 15*h - 11. Let p(t) = t**2 + 7*t + 5. Let g = -4 + 10. Let b(r) = g*u(r) + 13*p(r). Let q = 5 + -9. Determine b(q).
11
Let q(p) = 45*p**2 + 14*p - 22. Let j(d) = 11*d**2 + 3*d - 5. Let l(f) = 9*j(f) - 2*q(f). Give l(-1).
9
Let t(w) = -1 + w**2 + 6*w - 2*w**2 + 2*w**2. Let q = 23 + -13. Suppose 4*a - q*a - 30 = 0. What is t(a)?
-6
Let n(b) = 0*b**2 + b**2 - 1 - 4*b**2. Let h = -12 - -15. Let a = h + -2. Calculate n(a).
-4
Let p(n) = n**2 - 6*n + 5. Let l be (-749)/21 - (-2)/(-6). Let s = l + 22. Let t be (-4 - 0)/(s/21). Calculate p(t).
5
Let d(w) = -6 - 51*w**2 - 3 - 10 + 6*w + 52*w**2. Let t be d(-8). Let j(v) = v**2 + v. Give j(t).
6
Let t(j) be the third derivative of j**4/24 + 5*j**3/6 - 94*j**2 + j. Let n(d) = d**3 + 3*d**2 - 2*d + 4. Let s be n(-4). Give t(s).
1
Let q be 9/6*(1 + (-7)/3). Let y be (5/q - 0)*(-8 - -10). Let f(p) = p**2 + 3*p - 3. Calculate f(y).
7
Let t = -22 + 21. Let d be -3 + 3 + 3/t. Let l(j) = -j + 2. What is l(d)?
5
Let y = 5 + -1. Let s(g) = 5*g - 79. Let r(o) = 4*o - 59. Let u(v) = -4*r(v) + 3*s(v). What is u(y)?
-5
Let d = -19 + -25. Let r = 52 + d. Let i(z) = -z**3 + 7*z**2 + 7*z + 2. What is i(r)?
-6
Let b = 89 + -92. Let n(q) = q - 2 - 3 + 1. Give n(b).
-7
Let j(f) = -f**3 - 2*f**2 + f + 2. Let a be (-1)/15*47 - 4/(-30). Give j(a).
8
Let m(j) = -j + 1. Let d(v) be the first derivative of -v**4/24 + 5*v**3/6 - v**2/2 + 7. Let p(n) be the second derivative